*u - 44. Determine w(5).
31
Let a(i) = 56*i - 1063. Determine a(19).
1
Let s(a) = 38*a + 175. Give s(-4).
23
Let d(y) = y**3 + 16*y**2 - 28*y - 144. Calculate d(-17).
43
Let i(d) = 2*d**2 - 97*d + 242. Calculate i(46).
12
Let u(f) = -41*f**2 + 10*f + 7. Calculate u(-1).
-44
Let t(b) = -3*b**3 + 29*b**2 + 8*b + 16. Calculate t(10).
-4
Let o(h) = -2*h**2 + 7*h + 9. Calculate o(12).
-195
Let z(p) = -2*p**2 - 87*p + 32. Calculate z(-44).
-12
Let u(p) = 68*p + 72. What is u(3)?
276
Let x(k) = -8*k**2 + 466*k + 860. What is x(60)?
20
Let o(g) = 57*g - 1837. Determine o(32).
-13
Let p(k) = -2*k**2 - 45*k - 266. Determine p(-8).
-34
Let m(k) = 70*k + 1599. Give m(-23).
-11
Let j(b) = 7*b**2 - 100*b - 59. What is j(15)?
16
Let g(x) = x**3 - 17*x**2 - 5*x + 21. Determine g(17).
-64
Let i(d) = 3*d**2 - 812*d + 3983. What is i(5)?
-2
Let q(f) = 44*f - 696. Calculate q(17).
52
Let k(l) = l**3 + 66*l**2 + 136*l - 3363. What is k(-63)?
-24
Let l(r) = -779*r - 12491. What is l(-16)?
-27
Let h(i) = -i**2 + 9*i + 1299. Give h(41).
-13
Let p(m) = 59*m - 2956. Calculate p(43).
-419
Let m(w) = 3*w - 39. Calculate m(8).
-15
Let t(w) = 117*w - 654. What is t(7)?
165
Let u(v) = 4*v**3 + 3*v**2 - 126*v + 4. Determine u(-6).
4
Let h(w) = 3*w**2 + 4*w - 8. Give h(4).
56
Let v(z) = z**3 + 6*z**2 + 17*z - 78. What is v(-8)?
-342
Let p(x) = 366*x + 2517. What is p(-7)?
-45
Let t(x) = -1366*x + 13697. Calculate t(10).
37
Let u(g) = 41*g + 725. Determine u(-17).
28
Let w(d) = d**3 - 11*d**2 + 962*d - 8507. Give w(9).
-11
Let i(y) = -13*y**3 + 272*y**2 + 20*y + 9. What is i(21)?
-12
Let n(j) = 2*j**3 + 10*j**2 - 16*j + 73. Give n(-10).
-767
Let f(o) = -4*o**3 + 60*o**2 + 28*o - 426. Calculate f(15).
-6
Let h(n) = 50*n + 942. Give h(-21).
-108
Let d(t) = t**2 - 29*t + 48. What is d(20)?
-132
Let u(x) = x**3 - 35*x**2 - 32*x + 2. Calculate u(36).
146
Let f(b) = 178*b + 1067. What is f(-6)?
-1
Let o(l) = -13*l**2 + 41*l - 18. Determine o(6).
-240
Let d(r) = -r**3 - 18*r**2 - 33*r - 69. Determine d(-14).
-391
Let w(h) = h**3 + 15*h**2 + 68*h + 184. What is w(-10)?
4
Let v(g) = 2*g**3 - 31*g**2 - 156*g + 430. What is v(19)?
-7
Let m(x) = -x**2 - 51*x + 915. Determine m(14).
5
Let d(k) = 3*k**2 - 74*k + 411. What is d(8)?
11
Let z(s) = -s**3 + 121*s**2 + 1602*s - 803. Determine z(133).
-5
Let l(j) = 2*j**2 - 18*j + 11. Calculate l(8).
-5
Let k(i) = -27*i**2 - 241*i + 15. Calculate k(-9).
-3
Let y(u) = -9*u**2 - 184*u - 48. Calculate y(-21).
-153
Let z(d) = -75*d + 253. Calculate z(4).
-47
Let j(v) = -189*v + 1721. Give j(10).
-169
Let s(c) = c**3 - 17*c**2 + 38*c - 617. Calculate s(17).
29
Let c(t) = -404*t + 9703. Give c(24).
7
Let k(g) = 112*g**2 + 341*g + 11. Determine k(-3).
-4
Let w(c) = -2*c**2 + 61*c - 307. Calculate w(24).
5
Let o(y) = -y**2 + 339*y - 16294. Calculate o(281).
4
Let d(g) = g**3 - 6*g**2 - 16*g + 72. Give d(7).
9
Let s(l) = -2*l**2 + 19*l - 12. What is s(11)?
-45
Let w(z) = -20*z**2 + 50*z + 18. Calculate w(3).
-12
Let b(r) = r**2 - 47*r + 284. Calculate b(24).
-268
Let g(k) = -13*k**2 + 653*k + 488. Calculate g(51).
-22
Let h(c) = c**3 - 12*c**2 + 3*c - 50. Calculate h(12).
-14
Let i(x) = -78*x**2 - 4*x + 6. Give i(2).
-314
Let g(f) = -8*f**2 + 5*f + 231. Give g(6).
-27
Let v(g) = -13*g**2 + 4*g - 16. Determine v(4).
-208
Let j(b) = -b**2 + 79*b + 6444. Calculate j(129).
-6
Let c(h) = -27*h + 71. Give c(4).
-37
Let b(q) = 7*q**3 + 253*q**2 + 35*q - 24. Determine b(-36).
12
Let g(a) = a**2 + 3*a - 3. What is g(-1)?
-5
Let p(k) = 31*k**2 - 5*k. What is p(-1)?
36
Let q(o) = -o**3 + 14*o**2 - 17*o + 29. What is q(13)?
-23
Let a(s) = 68*s + 28. Determine a(4).
300
Let c(d) = -d**3 - 11*d**2 + 13*d - 66. Give c(-13).
103
Let o(x) = -x**3 - 65*x**2 - 120*x + 434. Determine o(-63).
56
Let b(i) = i**2 - 69*i + 440. Calculate b(22).
-594
Let m(b) = -21*b - 216. Give m(-10).
-6
Let x(c) = 30*c + 606. Give x(-21).
-24
Let w(i) = -54*i - 976. Determine w(-18).
-4
Let g(k) = k**3 + 22*k**2 + 11*k - 156. Determine g(-21).
54
Let t(g) = 5*g**2 + 6*g - 240. What is t(7)?
47
Let f(u) = -3*u**3 + 41*u**2 + 9*u + 50. What is f(14)?
-20
Let c(o) = o**3 + 34*o**2 + 253*o + 19. Determine c(-23).
19
Let t(d) = d**3 + 2*d**2 + 17*d - 40. Determine t(2).
10
Let b(f) = 194*f - 19595. Give b(101).
-1
Let l(h) = 44*h - 401. Give l(8).
-49
Let n(m) = 3*m**2 - 78*m + 247. Give n(22).
-17
Let b(r) = -7*r - 449. Calculate b(-51).
-92
Let j(n) = -n**3 - 41*n**2 - 32*n - 1314. Determine j(-41).
-2
Let i(h) = 3*h**3 + 6*h**2 + 9*h + 6. What is i(-2)?
-12
Let z(b) = b**3 + 131*b**2 + 242*b - 2047. Give z(-129).
17
Let k(u) = 12*u**2 + u - 29. What is k(4)?
167
Let g(q) = 3913*q + 50860. Give g(-13).
-9
Let v(q) = -24*q - 39. Calculate v(3).
-111
Let g(d) = d**3 + 4*d**2 + 159*d - 903. Determine g(6).
411
Let x(v) = -v**2 - 399*v - 35897. What is x(-262)?
-3
Let u(q) = 18*q - 67. Give u(6).
41
Let r(g) = -54*g + 467. Determine r(9).
-19
Let d(q) = -35*q + 11. Determine d(-2).
81
Let s(m) = -6*m**3 - 14*m**2 + 210*m + 413. Determine s(-2).
-15
Let o(b) = -27*b - 280. Give o(-6).
-118
Let n(u) = -97*u - 846. Calculate n(-9).
27
Let m(v) = -2*v**2 - 11*v + 135. Determine m(10).
-175
Let q(u) = 27*u**3 - 2*u + 2. Give q(-2).
-210
Let w(k) = 4*k - 196. Give w(28).
-84
Let u(s) = 9*s + 375. Determine u(-46).
-39
Let b(c) = -c**3 + 16*c**2 - 10*c + 45. Give b(16).
-115
Let h(r) = 7*r**2 - 212*r - 149. Calculate h(31).
6
Let n(c) = -40*c**3 + c**2 + 4*c + 2. Determine n(-1).
39
Let o(j) = -57*j - 1031. Give o(-18).
-5
Let b(d) = -d**2 + 95*d - 845. Give b(12).
151
Let t(m) = -30*m**3 + 50*m**2 - 162*m - 2. Determine t(3).
-848
Let u(i) = -9*i + 49. Give u(-13).
166
Let g(n) = 3*n**2 - 32*n - 14. Give g(10).
-34
Let a(c) = -206*c - 194. Calculate a(-1).
12
Let d(n) = -142*n + 9. Determine d(1).
-133
Let j(t) = 12*t - 438. What is j(37)?
6
Let v(b) = -b**3 + 4*b**2 + 180*b - 732. What is v(4)?
-12
Let f(j) = 39*j**2 - 1140*j - 39. Give f(29).
-300
Let x(f) = -41*f + 2301. What is x(56)?
5
Let y(m) = 7*m**3 - 3*m**2 + 6. Calculate y(4).
406
Let w(m) = 484*m - 3876. What is w(8)?
-4
Let v(j) = -1396*j - 64208. Determine v(-46).
8
Let o(y) = y + 16. Determine o(23).
39
Let o(a) = -6*a**2 + 74*a - 36. Give o(12).
-12
Let k(m) = -14*m + 20. Calculate k(1).
6
Let d(r) = r**3 + 281*r**2 + 819*r - 43. Give d(-3).
2
Let r(z) = -z**3 - 76*z**2 - 717*z - 18. Calculate r(-11).
4
Let y(s) = -4*s**3 - 83*s**2 + 12*s - 191. Determine y(-21).
-2
Let w(k) = -2*k**2 - 8*k - 6. Give w(-1).
0
Let d(p) = -3*p**3 + 48*p**2 + 92*p - 1498. Determine d(16).
-26
Let q(c) = 2*c**3 + 5*c**2 + c - 8. Determine q(-5).
-138
Let a(h) = 188*h + 25529. Give a(-136).
-39
Let l(y) = 2*y**2 - 111*y + 21. Determine l(55).
-34
Let z(m) = 1934*m - 32866. What is z(17)?
12
Let a(t) = 51*t + 201. Give a(-4).
-3
Let i(j) = 77*j + 4309. What is i(-56)?
-3
Let g(v) = -3*v**3 + v**2 + 2*v - 6. Calculate g(2).
-22
Let n(q) = -q**2 + 157*q + 961. What is n(-6)?
-17
Let i(z) = -132*z**2 - 107*z. Give i(-1).
-25
Let h(c) = -43*c + 310. Determine h(14).
-292
Let u(o) = 5*o**3 + 24*o**2 - 26*o - 160. Give u(-4).
8
Let q(g) = -19*g**2 + 323*g - 1. Calculate q(17).
-1
Let q(a) = -32*a**2 - 39*a - 8. Determine q(-4).
-364
Let u(c) = -83*c - 8534. Calculate u(-103).
15
Let b(l) = l**3 + 7*l**2 - 45*l - 31. Determine b(-11).
-20
Let x(k) = -k**2 - 64*k - 317. What is x(-5)?
-22
Let b(o) = -o**3 + 15*o**2 + 14*o - 27. Calculate b(15).
183
Let n(a) = a**2 - 65*a - 1297. Give n(-16).
-1
Let l(c) = 12*c - 27. Give l(16).
165
Let m(f) = 13*f**2 + 333*f + 22. Calculate m(-24).
-482
Let p(r) = -r + 5. What is p(20)?
-15
Let n(x) = -3*x**2 + 87*x + 5289. Calculate n(59).
-21
Let m(l) = -l**3 + 63*l**2 + 261*l - 2. Give m(-4).
26
Let i(j) = 89*j - 2269. Determine i(25).
-44
Let p(f) = 2*f**3 - 2*f**2 - 33*f - 81. Give p(-3).
-54
Let u(t) = -t**2 - 16*t + 306. Determine u(-39).
-591
Let r(n) = 2*n**3 - 84*n**2 + 21*n - 881. Give r(42).
1
Let q(b) = -5*b**3 + 145*b**2 - 3*b - 40. Give q(29).
-127
Let l(a) = 2186*a - 4380. Determine l(2).
-8
Let y(z) = 9*z - 845. Calculate y(81).
-116
Let v(j) = -j**2 + 65*j - 209. Give v(4).
35
Let a(t) = 317*t - 1584. Give a(5).
1
Let s(f) = -f**2 - 112*f - 1202. Calculate s(-12).
-2
Let h(z) = 99*z + 2876. Give h(-29).
5
Let f(k) =